{"id":47,"date":"2023-01-21T15:57:12","date_gmt":"2023-01-21T14:57:12","guid":{"rendered":"https:\/\/www.vivawatt.fr\/?page_id=47"},"modified":"2023-09-12T12:19:44","modified_gmt":"2023-09-12T10:19:44","slug":"vivawatt","status":"publish","type":"page","link":"https:\/\/www.vivawatt.fr\/","title":{"rendered":"Collectif VivaWatt"},"content":{"rendered":"<div class=\"aligncenter wp-block-site-logo\"><a href=\"https:\/\/www.vivawatt.fr\/\" class=\"custom-logo-link\" rel=\"home\"><img loading=\"lazy\" decoding=\"async\" width=\"200\" height=\"190\" src=\"https:\/\/www.vivawatt.fr\/wp-content\/uploads\/2023\/08\/Logo_202307.png\" class=\"custom-logo\" alt=\"VivaWatt Les \u00e9nergies citoyennes Villeurbannaises Groupe local de Toits en Transition\" srcset=\"https:\/\/www.vivawatt.fr\/wp-content\/uploads\/2023\/08\/Logo_202307.png 500w, https:\/\/www.vivawatt.fr\/wp-content\/uploads\/2023\/08\/Logo_202307-300x286.png 300w\" sizes=\"auto, (max-width: 200px) 100vw, 200px\" \/><\/a><\/div>\n\n\n<figure class=\"wp-block-image alignfull size-full\"><img loading=\"lazy\" decoding=\"async\" width=\"1000\" height=\"250\" src=\"https:\/\/www.vivawatt.fr\/wp-content\/uploads\/2023\/01\/Encart-collect-VivaWatt4.png\" alt=\"\" class=\"wp-image-149\" srcset=\"https:\/\/www.vivawatt.fr\/wp-content\/uploads\/2023\/01\/Encart-collect-VivaWatt4.png 1000w, https:\/\/www.vivawatt.fr\/wp-content\/uploads\/2023\/01\/Encart-collect-VivaWatt4-300x75.png 300w, https:\/\/www.vivawatt.fr\/wp-content\/uploads\/2023\/01\/Encart-collect-VivaWatt4-768x192.png 768w\" sizes=\"auto, (max-width: 1000px) 100vw, 1000px\" \/><\/figure>\n\n\n\n<div style=\"height:8px\" aria-hidden=\"true\" class=\"wp-block-spacer\"><\/div>\n\n\n\n<h2 class=\"wp-block-heading has-text-align-left has-large-font-size\" id=\"block-670d2606-0a0a-42a5-91d7-cc752389f657\"><strong>Produire local :<\/strong><br><strong>\u00e7a marche aussi pour l\u2019\u00e9nergie<\/strong><\/h2>\n\n\n\n<div class=\"wp-block-columns are-vertically-aligned-center is-layout-flex wp-container-core-columns-is-layout-28f84493 wp-block-columns-is-layout-flex\">\n<div class=\"wp-block-column is-vertically-aligned-center is-layout-flow wp-block-column-is-layout-flow\">\n<p>En France et m\u00eame en plein centre-ville comme \u00e0 <strong>Villeurbanne<\/strong>, le potentiel des \u00e9nergies renouvelables est immense !<br>Pourtant, notre pays accuse un s\u00e9rieux retard dans le d\u00e9veloppement des \u00e9nergies renouvelables (solaire, \u00e9olien, biogaz) et importe r\u00e9guli\u00e8rement<br>depuis les pays voisins.<br><strong>Mais rien n\u2019est perdu : ensemble, on fait bouger les choses !<\/strong><\/p>\n<\/div>\n\n\n\n<div class=\"wp-block-column is-vertically-aligned-center is-layout-flow wp-block-column-is-layout-flow\">\n<figure class=\"wp-block-image aligncenter size-full\"><img loading=\"lazy\" decoding=\"async\" width=\"940\" height=\"788\" src=\"https:\/\/www.vivawatt.fr\/wp-content\/uploads\/2023\/08\/Visuel-equipe2308b.png\" alt=\"\" class=\"wp-image-193\" srcset=\"https:\/\/www.vivawatt.fr\/wp-content\/uploads\/2023\/08\/Visuel-equipe2308b.png 940w, https:\/\/www.vivawatt.fr\/wp-content\/uploads\/2023\/08\/Visuel-equipe2308b-300x251.png 300w, https:\/\/www.vivawatt.fr\/wp-content\/uploads\/2023\/08\/Visuel-equipe2308b-768x644.png 768w\" sizes=\"auto, (max-width: 940px) 100vw, 940px\" \/><\/figure>\n<\/div>\n<\/div>\n\n\n\n<div style=\"height:35px\" aria-hidden=\"true\" class=\"wp-block-spacer\"><\/div>\n\n\n\n<h2 class=\"wp-block-heading has-text-align-left has-large-font-size\"><strong>Ensemble, on passe \u00e0 l\u2019action<\/strong><\/h2>\n\n\n\n<p>VivaWatt est un collectif qui <strong>agit pour le d\u00e9veloppement des \u00e9nergies renouvelables et citoyennes \u00e0 Villeurbanne<\/strong>.<br>Ensemble, nous sillonnons les rues \u00e0 la <strong>recherche de toitures<\/strong> (b\u00e2timents municipaux, \u00e9coles, copropri\u00e9t\u00e9s, entreprises, &#8230;) sur lesquelles <strong>installer des panneaux solaires<\/strong> pour produire \u00e0 terme une <strong>\u00e9nergie locale, renouvelable et citoyenne<\/strong>. <br>Nous souhaitons aussi <strong>sensibiliser les habitants<\/strong> de tout \u00e2ge aux enjeux de la sobri\u00e9t\u00e9 \u00e9nerg\u00e9tique et au d\u00e9veloppement des \u00e9nergies renouvelables.<br>Pour rejoindre le collectif, nous proposer des toitures ou tout simplement nous \u00e9crire : <strong>vivawatt@gmail.com<\/strong><\/p>\n\n\n\n<div style=\"height:35px\" aria-hidden=\"true\" class=\"wp-block-spacer\"><\/div>\n\n\n\n<h2 class=\"wp-block-heading has-large-font-size\"><strong>En groupe, nous sommes meilleurs<\/strong><\/h2>\n\n\n\n<div class=\"wp-block-columns is-layout-flex wp-container-core-columns-is-layout-28f84493 wp-block-columns-is-layout-flex\">\n<div class=\"wp-block-column is-layout-flow wp-block-column-is-layout-flow\">\n<p>Notre collectif a d\u00e9cid\u00e9 de devenir un groupe local d&rsquo;une association agissant sur le territoire de la M\u00e9tropole, <strong><a href=\"https:\/\/toitsentransition.weebly.com\/\">Toits en Transition<\/a><\/strong>. <br>Nous mutualisons ainsi les moyens et les efforts d&rsquo;acteurs citoyens b\u00e9n\u00e9voles.<\/p>\n<\/div>\n\n\n\n<div class=\"wp-block-column is-layout-flow wp-block-column-is-layout-flow\">\n<figure class=\"wp-block-image size-full\"><img loading=\"lazy\" decoding=\"async\" width=\"612\" height=\"257\" src=\"https:\/\/www.vivawatt.fr\/wp-content\/uploads\/2023\/08\/TeT_large.png\" alt=\"\" class=\"wp-image-178\" srcset=\"https:\/\/www.vivawatt.fr\/wp-content\/uploads\/2023\/08\/TeT_large.png 612w, https:\/\/www.vivawatt.fr\/wp-content\/uploads\/2023\/08\/TeT_large-300x126.png 300w\" sizes=\"auto, (max-width: 612px) 100vw, 612px\" \/><\/figure>\n<\/div>\n<\/div>\n\n\n\n<div style=\"height:40px\" aria-hidden=\"true\" class=\"wp-block-spacer\"><\/div>\n\n\n\n<h2 class=\"wp-block-heading has-large-font-size\"><strong>Comment nous op\u00e9rons<\/strong><\/h2>\n\n\n\n<div class=\"wp-block-columns is-layout-flex wp-container-core-columns-is-layout-28f84493 wp-block-columns-is-layout-flex\">\n<div class=\"wp-block-column is-layout-flow wp-block-column-is-layout-flow\" style=\"flex-basis:66.66%\">\n<p>Les investissements pour les \u00e9tudes techniques, puis la production \u00e9lectrique et l&rsquo;exploitation des installations mises en service, sont g\u00e9r\u00e9es par <strong><a href=\"https:\/\/toitsentransition.weebly.com\/investissez-dans-le-projet.html\" data-type=\"link\" data-id=\"https:\/\/toitsentransition.weebly.com\/investissez-dans-le-projet.html\">Un Deux Toits Soleil<\/a><\/strong>.<br>C&rsquo;est une coop\u00e9rative (centrale solaire citoyenne) cr\u00e9\u00e9e en 2016 par les membres de <strong>Toits en Transition<\/strong>.<\/p>\n<\/div>\n\n\n\n<div class=\"wp-block-column is-layout-flow wp-block-column-is-layout-flow\" style=\"flex-basis:33.33%\">\n<figure class=\"wp-block-image size-full\"><img loading=\"lazy\" decoding=\"async\" width=\"367\" height=\"242\" src=\"https:\/\/www.vivawatt.fr\/wp-content\/uploads\/2023\/08\/UDTS.png\" alt=\"Logo Un Deux Toits Soleil\" class=\"wp-image-180\" srcset=\"https:\/\/www.vivawatt.fr\/wp-content\/uploads\/2023\/08\/UDTS.png 367w, https:\/\/www.vivawatt.fr\/wp-content\/uploads\/2023\/08\/UDTS-300x198.png 300w\" sizes=\"auto, (max-width: 367px) 100vw, 367px\" \/><\/figure>\n<\/div>\n<\/div>\n\n\n\n<div style=\"height:35px\" aria-hidden=\"true\" class=\"wp-block-spacer\"><\/div>\n\n\n\n<h2 class=\"wp-block-heading has-large-font-size\"><strong>Il faut financer<\/strong><\/h2>\n\n\n\n<p>La <strong>ville de Lyon<\/strong> et la <strong>M\u00e9tropole<\/strong> ont retenu les propositions de notre collectif. <br>Vous pouvez nous aider \u00e0 financer les gros projets de 2024 et 2025, en prenant des parts.<br>Vous pouvez le faire en souscrivant <strong><a href=\"https:\/\/toitsentransition.weebly.com\/uploads\/5\/6\/7\/6\/56760755\/udts_-_bulletin_souscription_personne_physique_s8.pdf\" data-type=\"link\" data-id=\"https:\/\/toitsentransition.weebly.com\/uploads\/5\/6\/7\/6\/56760755\/udts_-_bulletin_souscription_personne_physique_s8.pdf\">ici<\/a><\/strong>. Merci d&rsquo;avance.<\/p>\n\n\n\n<div style=\"height:35px\" aria-hidden=\"true\" class=\"wp-block-spacer\"><\/div>\n\n\n\n<h2 class=\"wp-block-heading has-large-font-size\"><strong>Nous y \u00e9tions<\/strong><\/h2>\n\n\n\n<p>VivaWatt \u00e9tait pr\u00e9sent \u00e0 la <a href=\"https:\/\/www.osvilleurbanne.com\/evenement-sportif\/biennale-des-associations-2023\/\">biennale des associations<\/a> de Villeurbanne, le <strong>dimanche 10 septembre 2023<\/strong>, de <strong>11 heures \u00e0 18 heures<\/strong>, stand <strong>185<\/strong>,<strong> <\/strong>place Lazare-Goujon.<br>Nos <strong>b\u00e9n\u00e9voles<\/strong> ont pu renseigner les nombreuses personnes qui s&rsquo;int\u00e9ressent aux probl\u00e8mes \u00e9cologiques, notamment en transition \u00e9nerg\u00e9tique.<\/p>\n\n\n\n<div style=\"height:35px\" aria-hidden=\"true\" class=\"wp-block-spacer\"><\/div>\n\n\n\n<h2 class=\"wp-block-heading has-large-font-size\"><strong>Vous pouvez nous rencontrer<\/strong><\/h2>\n\n\n\n<p>Tous les <strong>premier<\/strong>s <strong>mercredi<\/strong>s<strong> <\/strong>de chaque mois, <strong>Palais du Travail<\/strong>, place Lazare Goujon, nous tenons une permanence dans la salle <strong>Pelloutier<\/strong>, de 19h30 \u00e0 21h30.<\/p>\n\n\n\n<div style=\"height:35px\" aria-hidden=\"true\" class=\"wp-block-spacer\"><\/div>\n\n\n\n<p>Nous avons besoin de votre soutien pour lancer nos premi\u00e8res actions !<\/p>\n\n\n\n<hr class=\"wp-block-separator has-alpha-channel-opacity is-style-wide\"\/>\n\n\n\n<div class=\"wp-block-group alignfull is-layout-flow wp-block-group-is-layout-flow\">\n<div class=\"wp-block-group alignwide is-content-justification-center is-layout-flex wp-container-core-group-is-layout-f181d7e2 wp-block-group-is-layout-flex\" style=\"padding-top:4em;padding-bottom:2em\"><h1 style=\"font-style:normal;font-weight:700;\" class=\"wp-block-site-title has-medium-font-size\"><a href=\"https:\/\/www.vivawatt.fr\" target=\"_self\" rel=\"home\">VivaWatt<\/a><\/h1><\/div>\n<\/div>\n","protected":false},"excerpt":{"rendered":"<p>Produire local :\u00e7a marche aussi pour l\u2019\u00e9nergie En France et m\u00eame en plein centre-ville comme \u00e0 Villeurbanne, le potentiel des \u00e9nergies renouvelables est immense !Pourtant, notre pays accuse un s\u00e9rieux retard dans le d\u00e9veloppement des \u00e9nergies renouvelables (solaire, \u00e9olien, biogaz) et importe r\u00e9guli\u00e8rementdepuis les pays voisins.Mais rien n\u2019est perdu : ensemble, on fait bouger les [&hellip;]<\/p>\n","protected":false},"author":1,"featured_media":49,"parent":0,"menu_order":0,"comment_status":"closed","ping_status":"closed","template":"blank","meta":{"footnotes":""},"class_list":["post-47","page","type-page","status-publish","has-post-thumbnail","hentry"],"_links":{"self":[{"href":"https:\/\/www.vivawatt.fr\/index.php\/wp-json\/wp\/v2\/pages\/47","targetHints":{"allow":["GET"]}}],"collection":[{"href":"https:\/\/www.vivawatt.fr\/index.php\/wp-json\/wp\/v2\/pages"}],"about":[{"href":"https:\/\/www.vivawatt.fr\/index.php\/wp-json\/wp\/v2\/types\/page"}],"author":[{"embeddable":true,"href":"https:\/\/www.vivawatt.fr\/index.php\/wp-json\/wp\/v2\/users\/1"}],"replies":[{"embeddable":true,"href":"https:\/\/www.vivawatt.fr\/index.php\/wp-json\/wp\/v2\/comments?post=47"}],"version-history":[{"count":121,"href":"https:\/\/www.vivawatt.fr\/index.php\/wp-json\/wp\/v2\/pages\/47\/revisions"}],"predecessor-version":[{"id":211,"href":"https:\/\/www.vivawatt.fr\/index.php\/wp-json\/wp\/v2\/pages\/47\/revisions\/211"}],"wp:featuredmedia":[{"embeddable":true,"href":"https:\/\/www.vivawatt.fr\/index.php\/wp-json\/wp\/v2\/media\/49"}],"wp:attachment":[{"href":"https:\/\/www.vivawatt.fr\/index.php\/wp-json\/wp\/v2\/media?parent=47"}],"curies":[{"name":"wp","href":"https:\/\/api.w.org\/{rel}","templated":true}]}}